pose -3*l + 1353 + 1444 = v, -4*v + 11199 = l. What is the thousands digit of v?
2
Suppose -3 = -10*q + 27. Suppose -5*b - 3*d + 3065 = 0, -6*b = -q*b + 5*d - 1839. What is the tens digit of b?
1
Let l(y) = 7 + 34 - 3 + 888*y - 939*y. What is the tens digit of l(-3)?
9
Let c(g) = 449*g + 15 - 6 - 440*g. Let f be c(1). Let o = 7 + f. What is the units digit of o?
5
Suppose -5*y + n + 155697 = 0, -14*y - 2*n - 155704 = -19*y. What is the units digit of y?
8
Suppose -23 = -3*s + 13. Suppose -5*o = -3*o - s. Suppose -o*h + 90 = -h. What is the units digit of h?
8
Let h(j) be the second derivative of -74*j**3/3 - 137*j**2/2 + 17*j - 5. What is the units digit of h(-6)?
1
Suppose -117*g = -109*g - 7477 - 14051. What is the hundreds digit of g?
6
Suppose 109*f - 98*f - 33 = 0. Suppose 2818 = 5*u + f*p, -1378 = -4*u - p + 882. What is the hundreds digit of u?
5
Suppose -5*n - c = -9, -5*n + c = 3 - 4. Let y(b) = 1 + 41*b - n + 2 + 5. What is the units digit of y(2)?
9
Let m(b) = -b**2 + 16*b - 25. Let k be m(13). Let d be (-27)/63 + 2456/k. Suppose -38*s = -33*s - d. What is the tens digit of s?
3
Suppose -15*d + 51 = 2*d. Suppose d*p = p + 718. What is the units digit of p?
9
Let b be 426/(-4)*(-1200)/45. Let y = b - 1829. What is the units digit of y?
1
Let b = 4084 + -2217. What is the units digit of b*9*8/72?
7
What is the tens digit of 13 - (102/17 - 11010)?
1
Suppose j - 81797 = -5*f, -9*f + 11*f + 4*j - 32726 = 0. What is the ten thousands digit of f?
1
Let y(l) = -58*l - 111. Let j be y(-9). Suppose -407*s - 1144 = -j*s. What is the units digit of s?
6
What is the hundreds digit of 121028/4 - (21 - 7)?
2
Suppose -2*l + 38 + 50 = -4*g, -l + 5*g + 50 = 0. Suppose -1 = -5*o - 6, -3*n + 5*o = -14. Suppose -n*a = -197 - l. What is the tens digit of a?
7
Let s be 9*(-2)/(-15)*(-230)/(-4). Suppose 3*p - s = 4*m + 63, 0 = p - 3*m - 44. Let b = -33 + p. What is the tens digit of b?
1
Let n = 597 - 375. Let v = 1266 + n. What is the thousands digit of v?
1
Suppose 8 = 11*i - 9*i. Suppose 5*c - 10 = 3*l + 2*l, i*c = -5*l + 17. What is the hundreds digit of (-1)/(l + (126/127 - 2))?
1
What is the hundreds digit of (6228 - 28) + 7 + 4?
2
Let i = 54108 + -33637. What is the ten thousands digit of i?
2
Let l = 24045 - 17010. What is the tens digit of l?
3
Suppose 10*w = -36 + 636. Suppose -3*x + 5*x = -w. Let v = x + 137. What is the units digit of v?
7
Let i = 963 + -36. Let c = i - 630. What is the units digit of c?
7
Let u be 3/8 - (-504)/192. Suppose 1184 = u*v + 5*v. What is the units digit of v?
8
Let t(f) = -84*f - 38. Let l = 118 + -125. What is the tens digit of t(l)?
5
Let y = 53084 - 27913. What is the thousands digit of y?
5
Suppose -119 = -4*a - c, 3*a = c - 3*c + 93. Let o = a - 35. Let l(f) = -27*f + 10. What is the tens digit of l(o)?
7
Suppose 26*d + 10015 - 36587 = 0. What is the units digit of d?
2
Suppose 0 = -96*w + 6660246 + 1144746. What is the hundreds digit of w?
3
Let i = 54 + -54. Suppose i = -4*y + 11 + 1. What is the tens digit of y/(-2)*(-1164)/18?
9
Let d = -4037 - -7198. What is the hundreds digit of d?
1
Let b be -2*1/(-3) - (-1528)/12. Suppose 7*s = 684 + b. Suppose -z = -3*l - 118, -s + 588 = 4*z + l. What is the units digit of z?
8
Let y = -33 + 132. Suppose 1690 = 4*u + 2*w, -1169 = -3*u - 2*w + y. Suppose 2*s + k - u = 0, -3*s + 5*k + 434 = -s. What is the tens digit of s?
1
Suppose 455 + 911 = 2*k. Let j = 1373 - k. Suppose 3*w + 3*w = j. What is the units digit of w?
5
Suppose r = 2*t - 7, -2*r - 2 = -8*t + 6*t. What is the units digit of t + -8 - (-22 - 3/(-1))?
7
Suppose -15830 - 60961 = -39*w. What is the thousands digit of w?
1
Let k = 48 + -48. Let p(i) = i**2 + 6*i + 393. What is the units digit of p(k)?
3
Let p = 224 + -222. Suppose j = 4*k - 5474, -4*k - 4*j + p*j = -5468. What is the hundreds digit of k?
3
Let g be ((-267)/((-3)/1))/(5/35). Suppose 0 = -0*i + 7*i + g. Let p = 92 - i. What is the tens digit of p?
8
Suppose -63*t + 261807 = 74*t. What is the thousands digit of t?
1
Let r = 36 - 54. Let j be (0 - -1)/((-9)/r). Suppose -j*l = -5*l + 21. What is the units digit of l?
7
Suppose 9*n - 19169 = 8659. Suppose 2*d - 7*d = -4*s - n, -2*s = d - 610. Suppose d = r + 3*r. What is the tens digit of r?
5
Let t be (-6)/9*(6 - 27/2). Let o(v) = 6*v**2 + 11*v + 3. What is the units digit of o(t)?
8
Let s be (-478)/(-7) - (-2)/(-7). Let b = -7673 - -7817. Let f = b - s. What is the units digit of f?
6
Let l(q) = -6*q**3 - 19*q**2 + 47*q - 73. What is the units digit of l(-20)?
7
What is the tens digit of (-18)/576 + 48128825/800?
6
Suppose c + 15455 = 12*c. Suppose -103 + c = 7*p. What is the hundreds digit of p?
1
Suppose 3*i = -3*r + 231, -3*r + 373 = 5*i - 4*r. Let k = i - -920. What is the tens digit of k?
9
Let u(j) = 2*j**2 - 38*j - 19. Let w(k) = -2*k**3 + 19*k**2 + 15*k - 23. Let o be w(10). What is the hundreds digit of u(o)?
4
Let p = -26 + 27. Let y(r) = 454*r + 11. What is the units digit of y(p)?
5
Let q be 3 + (7 - (-4)/(-1)). Let k = 45 - 45. Suppose 0*a + 3*a + 2*n = 9, k = 2*a + n - q. What is the units digit of a?
3
Suppose -g = -15 - 163. Let f = g - -460. Suppose 0 = -4*t + 5*l + f + 154, -2*l = 5*t - 1023. What is the units digit of t?
3
Let t(b) be the third derivative of -5*b**4/12 - 10*b**3/3 - 33*b**2. Let k be t(-5). Suppose 0*n + n - k = 0. What is the tens digit of n?
3
What is the units digit of (2/(-6) - (-44)/(-66))*-6600?
0
Suppose 37*j = 41*j - 9144. Suppose -6*p = 1986 + j. What is the hundreds digit of p/(-6) - 2/(-6)?
1
Let i = -588 - -2255. Suppose 0 = 2*n + 23 - i. What is the tens digit of n?
2
Suppose 0 = -8*y - 4*z + 6*z + 202, 4*y - 3*z - 87 = 0. What is the units digit of y?
7
Let w = 60663 - 25069. What is the units digit of w?
4
Suppose 113*y + 541*y - 43948800 = 0. What is the thousands digit of y?
7
Let b(s) = 13*s**2 + 3*s - 2. Let l(o) = -4*o**2 - o + 1. Let h(x) = 6*b(x) + 17*l(x). Let v be h(-5). Suppose 3*w - 715 = -v. What is the hundreds digit of w?
1
What is the ten thousands digit of 70/3*(20/150)/(6/27756)?
1
What is the tens digit of ((-88)/(-44))/((-2)/(-15779))?
7
Let y(w) = w**3 - 4*w**2 + 3*w - 5. Suppose 0 = -5*x + 3*n + 2*n + 45, 4*n + 16 = -x. Let p be y(x). Let l = 169 + p. What is the hundreds digit of l?
1
Let y(c) = -22*c + 25 + c**2 - 39 - 35. Let p be y(24). Let q(f) = 74*f**2 - 3*f - 2. What is the tens digit of q(p)?
7
Let d(o) = 877*o - 363. What is the thousands digit of d(6)?
4
Let g(n) = -n**2 + 12*n + 14. Let w be g(12). Suppose 6*q - w*q = -2216. What is the units digit of q?
7
Suppose 0 = -2*o - 3*w + 701, 651 + 754 = 4*o + 3*w. Suppose h + n - 832 = 0, -4*n = -2*h + 1318 + o. What is the hundreds digit of h?
8
Let k(q) be the first derivative of -q**4/4 - 3*q**3 - 16*q**2 + 18*q + 168. What is the tens digit of k(-15)?
4
Let a(k) = -102*k - 5204. What is the thousands digit of a(-111)?
6
Suppose -3*n = y - 2, n - 17 = -37*y + 39*y. Let w = 0 + -12. What is the units digit of (y/(-4))/(w/(-240))?
5
Let q = 26348 + -18755. What is the tens digit of q?
9
Suppose -12*p = -25*p + 117. Suppose 9*w = -p*w + 324. What is the tens digit of w?
1
Let a(t) = 3*t**2 - 20*t + 6. Let x be a(6). Let p(i) = -57*i - 26. What is the hundreds digit of p(x)?
3
Suppose 0 = 206*s - 862533 - 2338089. What is the hundreds digit of s?
5
Let p be (-3)/21*0*-1. Suppose p = -22*m + 18*m + 2048. What is the tens digit of m?
1
Let c = -28756 + 34912. What is the tens digit of c?
5
Suppose 111*s = 138*s - 713394. What is the thousands digit of s?
6
Let y(q) be the third derivative of -5/24*q**4 - 1/2*q**3 + 0 + 1/60*q**5 + 0*q + 2*q**2. What is the tens digit of y(-3)?
2
Suppose 220*k + 19 = 216*k - 3*s, 2*k - 3*s = -5. Suppose -5 = -0*h - 5*h, 695 = -5*w + 5*h. Let b = k - w. What is the tens digit of b?
3
Let b(d) be the third derivative of 47*d**6/60 + d**5/20 - d**4/8 + d**3/3 - 7*d**2. Let k be b(1). Suppose 2*q + q = k. What is the units digit of q?
2
Suppose 2*w = 4*i - 46, -3*i - w - 2*w + 39 = 0. Suppose -734 = i*f - 2186. What is the hundreds digit of f?
1
Suppose -2*p + 26022 = 4*a, 6*p + 6504 = a + 5*p. What is the units digit of a?
5
Let m = -299 + 295. Let b(h) = 54*h**2 + 4*h + 14. What is the hundreds digit of b(m)?
8
Let n(f) = 3*f + 9 + 0*f - 